ber?
True
Is 1973 composite?
False
Is 46439 prime?
True
Is 20911 a composite number?
True
Is 921 composite?
True
Is 3253981 prime?
True
Is 29863 composite?
False
Is 12301 prime?
True
Is 40231 a composite number?
False
Is 3235 a composite number?
True
Is 45683 a prime number?
False
Is 2939 composite?
False
Is 609391 composite?
False
Is 3385 prime?
False
Is 12239 composite?
False
Is 9313 a composite number?
True
Is 34819 composite?
False
Is 61417 composite?
False
Is 7855 a composite number?
True
Is 2960603 a prime number?
True
Is 3407 a composite number?
False
Is 294311 composite?
False
Is 1148837 a prime number?
True
Is 1709 prime?
True
Is 11993 prime?
False
Is 157457 composite?
False
Is 11057 composite?
False
Is 13577 a prime number?
True
Is 373559 prime?
False
Is 2935981 composite?
False
Is 37243 prime?
True
Is 32957 prime?
True
Is 2754343 prime?
False
Is 77 prime?
False
Is 1537727 composite?
True
Is 1005353 a prime number?
False
Is 160049 a prime number?
True
Is 265289 composite?
True
Is 23687 a prime number?
True
Is 433831 prime?
False
Is 522793 composite?
True
Is 29551 a prime number?
False
Is 82721 composite?
False
Is 169427 prime?
True
Is 179815 a prime number?
False
Is 557 composite?
False
Is 6733 a prime number?
True
Is 759491 a composite number?
False
Is 152897 a prime number?
True
Is 214618 composite?
True
Is 1451 a prime number?
True
Is 85781 prime?
True
Is 165778 a composite number?
True
Is 394557 composite?
True
Is 2837 prime?
True
Is 12233 prime?
False
Is 128591 prime?
True
Is 24763 composite?
False
Is 54037 composite?
False
Is 1361 a prime number?
True
Is 109639 a prime number?
True
Is 893 composite?
True
Is 1018859 a composite number?
False
Is 5130683 a prime number?
True
Is 60281 a prime number?
False
Is 251 a prime number?
True
Is 317 composite?
False
Is 74771 prime?
True
Is 81059 a composite number?
True
Is 6193 prime?
False
Is 357197 a composite number?
False
Is 11423 prime?
True
Is 1847801 a composite number?
True
Is 13963 prime?
True
Is 25013 composite?
False
Is 4271 prime?
True
Is 2627 a prime number?
False
Is 426301 composite?
False
Is 3758999 composite?
False
Is 6701 composite?
False
Is 2921 prime?
False
Is 3977 a composite number?
True
Is 475567 composite?
True
Is 11965 composite?
True
Is 3251 a prime number?
True
Is 1806889 a composite number?
True
Is 17413 a composite number?
True
Is 22189 a prime number?
True
Is 11789 composite?
False
Is 34511 prime?
True
Is 52007 a composite number?
True
Is 22807 composite?
False
Is 113911 composite?
True
Is 37483 prime?
True
Is 307007 a prime number?
False
Is 683117 a prime number?
False
Is 105817 a prime number?
True
Is 9467 composite?
False
Is 15802 composite?
True
Is 42049 composite?
True
Is 291565 composite?
True
Is 31687 prime?
True
Is 218765 composite?
True
Is 1657 prime?
True
Is 317821 prime?
False
Is 259867 composite?
False
Is 4307 prime?
False
Is 4909 prime?
True
Is 37189 composite?
False
Is 11819 a prime number?
False
Is 8497 a composite number?
True
Is 37823 a prime number?
False
Is 71471 prime?
True
Is 146141 prime?
True
Is 21949 a composite number?
True
Is 41443 prime?
True
Is 46489 prime?
True
Is 128047 composite?
False
Is 7609 prime?
False
Is 14899 a prime number?
False
Is 141029 composite?
True
Is 854339 composite?
True
Is 316607 composite?
True
Is 5919 composite?
True
Is 1176467 a composite number?
True
Is 18787 a composite number?
False
Is 58169 prime?
True
Is 371 a composite number?
True
Is 13241 composite?
False
Is 2353 composite?
True
Is 26309 a composite number?
False
Is 7061 prime?
False
Is 6805 prime?
False
Is 21487 a prime number?
True
Is 462307 a composite number?
False
Is 452131 prime?
True
Is 15278 a prime number?
False
Is 2562481 composite?
True
Is 87581 a prime number?
False
Is 1721749 prime?
True
Is 2411 a composite number?
False
Is 10687 a composite number?
False
Is 5255 a prime number?
False
Is 5539 prime?
False
Is 163601 prime?
True
Is 122179 a prime number?
False
Is 25999 composite?
False
Is 34063 prime?
False
Is 266519 composite?
True
Is 732977 a prime number?
False
Is 55951 a composite number?
True
Is 202715 composite?
True
Is 22611 prime?
False
Is 18181 a composite number?
False
Is 15205 composite?
True
Is 1606379 prime?
True
Is 3466 composite?
True
Is 4999 prime?
True
Is 3793 prime?
True
Is 27997 composite?
False
Is 98443 prime?
True
Is 15101 composite?
False
Is 1889 a prime number?
True
Is 72717 a prime number?
False
Is 24197 a composite number?
False
Is 1537 prime?
False
Is 65167 a prime number?
True
Is 82279 a composite number?
False
Is 48073 composite?
False
Is 13057 a composite number?
True
Is 7699 a prime number?
True
Is 27829 a composite number?
True
Is 95911 composite?
False
Is 3799 a composite number?
True
Is 53779 composite?
True
Is 993 composite?
True
Is 3643 prime?
True
Is 124513 a prime number?
True
Is 2609 a prime number?
True
Is 509585 a composite number?
True
Is 3071 a composite number?
True
Is 187067 a composite number?
False
Is 321599 prime?
False
Is 2154301 a prime number?
False
Is 2243 a prime number?
True
Is 31699 prime?
True
Is 259021 composite?
True
Is 367469 composite?
False
Is 1004113 prime?
False
Is 18053 a composite number?
True
Is 9293 a composite number?
False
Is 25703 composite?
False
Is 980887 a composite number?
False
Is 10363 a composite number?
True
Is 13319 a composite number?
True
Is 778643 prime?
True
Is 72401 prime?
False
Is 6953 a prime number?
False
Is 1242547 composite?
True
Is 4373 a composite number?
False
Is 119065 a prime number?
False
Is 44411 composite?
True
Is 53297 a prime number?
False
Is 9599 composite?
True
Is 1046 composite?
True
Is 14429 prime?
False
Is 1276397 a composite number?
False
Is 8287 a prime number?
True
Is 20639 composite?
False
Is 194891 a composite number?
False
Is 12707 a prime number?
False
Is 22381 a composite number?
False
Is 60289 composite?
False
Is 93047 a composite number?
False
Is 16537 a prime number?
False
Is 354745 a composite number?
True
Is 2899 a composite number?
True
Is 105091 prime?
False
Is 22757 composite?
True
Is 44297 prime?
False
Is 197453 prime?
True
Is 666958 a prime number?
False
Is 38639 a prime number?
True
Is 20455 composite?
True
Is 4779107 composite?
False
Is 20161 composite?
False
Is 312781 a prime number?
False
Is 51787 composite?
False
Is 1331821 prime?
True
Is 65005 composite?
True
Is 1739807 composite?
False
Is 1178007 prime?
False
Is 98251 composite?
False
Is 387017 prime?
True
Is 2539 a prime number?
True
Is 20089 a prime number?
True
Is 12217 a prime number?
False
Is 4955 prime?
False
Is 54217 a prime number?
True
Is 42781 prime?
False
Is 40609 composite?
False
Is 924053 prime?
False
Is 845833 a composite number?
False
Is 125938 prime?
False
Is 13303 prime?
False
Is 19223 composite?
True
Is 9793 prime?
False
Is 37033 a prime number?
False
Is 118487 prime?
False
Is 742763 a composite number?
True
Is 185061 prime?
False
Is 205019 a composite number?
False
Is 338531 composite?
False
Is 6389 prime?
True
Is 74687 a composite number?
False
Is 2927 composite?
False
Is 23731 prime?
False
Is 1064239 composite?
True
Is 87383 a composite number?
False
Is 56123 prime?
True
Is 106103 a prime number?
True
Is 389783 a composite number?
False
Is 116323 composite?
True
Is 5263 prime?
False
Is 3898 composite?
True
Is 1141 a prime number?
False
Is 581 a prime number?
False
Is 685543 a composite number?
True
Is 3989 prime?
True
Is 40249 composite?
True
Is 485381 prime?
False
Is 279835 a composite number?
True
Is 84913 prime?
True
Is 453423 a prime number?
False
Is 2153 a prime number?
True
Is 33095 a prime number?
False
Is 20707 a prime number?
True
Is 2441561 a prime number?
True
Is 667 composite?
True
Is 2032873 a prime number?
True
Is 14591 prime?
True
Is 19531 prime?
True
Is 65159 composite?
True
Is 18199 a composite number?
False
Is 655441 prime?
False
Is 1953569 a prime number?
True
Is 11558 a prime number?
False
Is 1272691 a composite number?
True
Is 13963 prime?
True
Is 5249 composite?
True
Is 2682061 a composite number?
False
Is 848603 composite?
True
Is 2039 a prime number?
True
Is 520061 a composite number?
True
Is 36187 composite?
False
Is 198089 a composite number?
True
Is 48731 prime?
True
Is 887 a prime number?
True
Is 123071 a prime nu